3?
4
Evaluate 23 + -7 + (-10 - (-12 + 9)).
9
What is 1 + (-5 - -1 - -3)?
0
What is -4 - (-6 - (-5 - -1))?
-2
Calculate -5 + (5 - -1) + -3.
-2
(1 - -4) + 3 + -9 + -1
-2
What is -5 - 6 - -5 - (-4 + -3)?
1
Evaluate -4 + 3 + -3 + 3.
-1
What is 1 + -5 + 8 + -2?
2
What is -5 + 3 + 4 - (0 - 1)?
3
What is 14 + (-4 - (9 - 7))?
8
Evaluate 5 + 6 + -22 + 7 + 13.
9
Calculate (-3 - 0) + (-17 - -16).
-4
Evaluate 74 + -68 + (-12 - (2 - 2)).
-6
What is the value of 6 + (-14 + 3 - -11)?
6
What is the value of (4 - 2) + -4 - -9 - 4?
3
Calculate 3 - (1 + 1 - (-8 + 3)).
-4
Evaluate (-2 + 1 + 14 - 4) + -7.
2
Calculate 0 + 5 + -1 + -5.
-1
What is the value of -4 - (-8 + 19 + -8)?
-7
What is 4 + 2 - (13 + (-5 - 3))?
1
Calculate -2 - -12 - (-16 + 21).
5
-3 - (0 - (1 - (-1 - -5)))
-6
Calculate 4 - 5 - (1 + -4 - 0).
2
Calculate 14 + -14 - (-2 - -2).
0
What is the value of -3 + 5 + 2 - 9?
-5
Evaluate (1 - (1 + (0 - -1))) + 6.
5
(7 - (1 - 1)) + -79 + 75
3
What is the value of 0 + (5 - 2) - 5?
-2
Evaluate (-12 - (-19 + -5)) + -16.
-4
Calculate 3 + -1 + (0 - -1).
3
1 + 3 + -5 - -4
3
Evaluate 0 + 4 - 5 - -1.
0
Evaluate -3 + 10 - (-3 - 4) - 5.
9
What is the value of (-1 - (3 - 3)) + 5?
4
Calculate 3 - (-2 + (7 - 1)).
-1
6 - (-4 + 2 + 1 + 2)
5
What is 2 - (0 - (-8 + 4))?
-2
7 - ((-7 - -5) + 10)
-1
Evaluate (8 - 9) + 11 + -16.
-6
-1 - (2 - -8 - 6)
-5
Calculate 4 + (8 - 14) + 3.
1
-22 + 7 - (-5 - 1)
-9
What is (1 + 3 + -4 - -4) + -4?
0
(1 + -8 - -1) + 8
2
Evaluate -1 + -3 + -6 + 12.
2
Evaluate (5 - (4 + -3)) + -3 - 6.
-5
-6 - -4 - (0 - 1) - -2
1
0 + 3 + (0 - 10)
-7
What is -1 - (5 + (-5 - 6))?
5
Calculate 6 + 4 + -2 + -3.
5
Evaluate 4 + 2 + -6 + -4.
-4
(12 - 30 - -10) + (-1 - 0)
-9
8 + -3 + -3 + (-9 - -1)
-6
Evaluate 0 + -1 + -3 + -2 + 5.
-1
Evaluate -5 + 10 + -5 + -3.
-3
Calculate 4 + (3 - (6 - 4)).
5
2 + 7 - 9 - (7 - 2)
-5
Calculate -3 + 5 - 1 - 5.
-4
What is the value of 8 + (-5 - -4) - 16?
-9
What is the value of (8 - (4 + 0)) + (-9 - -12)?
7
Calculate -3 + (-3 - -13) + -3.
4
What is the value of -5 + (5 - (-5 - -12)) + 5?
-2
What is the value of -80 + 80 + (-1 - -2)?
1
9 + (-7 - (-5 - -3))
4
Calculate (-6 - -3) + 6 - (-1 + 2).
2
What is -2 - 0 - -1 - -3?
2
What is (2 - -4) + (-6 - -4)?
4
Evaluate 9 + -8 + 11 + -7.
5
Evaluate 2 - (1 - (-4 - -1)) - -1.
-1
Evaluate 7 + -2 + 7 + -11.
1
Calculate 2 - (-2 - 1 - (1 + -7)).
-1
What is 4 + -3 - -6 - (-1 + 4)?
4
Evaluate 0 + (-1 - (-7 + 3)).
3
What is 6 - 11 - (0 + -2 + 2)?
-5
What is (-2 - -5) + -5 + 1 + -1?
-2
What is the value of (14 - -2 - 8) + -5?
3
Calculate (6 - 6) + (-3 - -11).
8
Calculate 8 - (7 + (-1 - -3) + 6).
-7
Evaluate (0 + -2 - (4 - 5)) + -3.
-4
2 + (7 - (4 + 0))
5
What is the value of 1 - 0 - 0 - (19 + -15)?
-3
What is -1 + 1 + 5 + -1?
4
What is 5 - (27 + 1 + -6 + -7)?
-10
Evaluate (9 - (-4 - -1)) + -7.
5
Evaluate 5 + (-1 - 3) - -5.
6
-3 + 2 + 3 + 2
4
Evaluate -1 + -5 - (-3 - 7).
4
Evaluate 1 + (-1 - -2) + 31 + -34.
-1
3 - (-6 + (4 - (-6 + 9)))
8
-30 - -29 - (-1 - -1)
-1
What is the value of 3 + -2 - (-3 + (4 - 2))?
2
What is the value of -4 + 2 + -1 - (2 + -9)?
4
-1 + -5 + 3 + 1
-2
Calculate 15 - (7 + 3) - -3.
8
Calculate 33 - 14 - (2 - -10).
7
Evaluate 12 + -9 + 2 - 4.
1
Evaluate 8 - (4 - -4) - 0.
0
What is the value of 9 + (-9 - (0 - 2))?
2
What is the value of -10 + 1 + 3 + 7?
1
What is the value of 11 + -10 + -3 + -3?
-5
Calculate (3 - -8 - 1) + -2.
8
What is (1 - (-5 + 1)) + -1?
4
What is the value of -3 + 1 + (10 - 9)?
-1
What is 1 - (-7 + 10 + 0)?
-2
Calculate -7 + 10 + 9 + -9.
3
Calculate (-6 - -1 - -3 - -5) + 1.
4
What is the value of -1 - (-6 + -5) - 5?
5
Calculate 12 + -12 + 1 + -5 - 3.
-7
What is the value of 3 - (4 - ((3 - 0) + -1))?
1
(2 - 3 - -4) + -1 + 0
2
What is the value of (-8 - -11) + 2 + 0?
5
-24 + 29 + -2 + 0
3
Evaluate -2 + 8 - (2 - (0 - 2)).
2
Evaluate -2 - (-3 + 7 + -4).
-2
What is 1 + 9 - (-41 - -46)?
5
What is -13 + (3 - -6) + -1 + 3?
-2
-2 + -4 - (-3 + -4 + 6)
-5
Calculate 2 + 0 - -1 - (-13 - -11).
5
What is -16 + 12 - (4 + 0)?
-8
Calculate 3 - 1 - (108 - 105).
-1
Evaluate 1 - ((1 - -5) + -2).
-3
-2 - (-6 - -10) - -5
-1
(0 - (5 - -3)) + 4
-4
Calculate 1 + -8 - (54 - 53).
-8
Evaluate (14 - 20) + 1 + -4.
-9
What is the value of 2 + (4 - 2 - (4 - -3))?
-3
What is 4 + 3 + 1 + -3 + -3?
2
What is (12 - 14) + (-2 - -1 - -7)?
4
Calculate -2 - (1 + -1 + -1 - 0).
-1
Calculate (-8 - -15 - 9) + 0.
-2
Calculate 0 + -2 - (-147 - -153).
-8
Evaluate (1 - -11) + -16 + 8.
4
What is (5 + 9 - 7) + -12?
-5
What is the value of (-15 - -1) + (1 + 4 - 1)?
-10
-1 + 0 - (-13 - (-2 - 13))
-3
What is 15 - 12 - 1 - 1?
1
Calculate 2 - (13 + -16) - 6.
-1
Evaluate -8 - (-20 + -8 + 18).
2
Calculate 2 - (-6 + (5 - -4) - -4).
-5
What is 0 - -11 - (10 + -7)?
8
Evaluate -4 - (-1 + -6 + 0 + 7).
-4
-6 - ((-8 - -3) + 4 - 1)
-4
What is (10 - 2) + 0 + -4?
4
Calculate 0 + -5 - (2 + -12).
5
7 + 4 + -6 - 7
-2
1 + (1 - 1) - (4 - 0)
-3
Calculate 3 + (-1 - 0) - 2.
0
What is the value of 5 + -2 + (-4 - (-1 + -1))?
1
Calculate (0 - -2) + -2 + (-4 - -9).
5
What is the value of (0 - (-10 + -4 + 10)) + 2?
6
What is the value of -1 + (2 - 4) - 1?
-4
Calculate 18 + -10 - 7 - -6.
7
What is -1 + 5 + -4 + -2?
-2
Evaluate -3 - -8 - 5 - 0 - 1.
-1
What is the value of -3 + (1 - (0 + 4)) - -1?
-5
-10 + 11 + -1 + -4
-4
What is the value of -1 + 2 + 0 + (3 - 2)?
2
What is 1 + 6 - 10 - 1?
-4
Calculate (12 - (-2 - -7)) + -15.
-8
What is the value of 2 + (-7 - (-1 + -2)) - -2?
0
What is (12 - 7) + 1 + 0 - 4?
2
Evaluate -6 + (7 - (1 - 5)).
5
Evaluate -7 - (4 + (-7 - 5)).
1
What is -2 + 1 + 2 + -3?
-2
What is the value of -1 + (3 - 1) - (1 + -1)?
1
What is 0 - (-4 + 4) - 1?
-1
-12 + (-11 - (-3 - 15))
-5
Calculate 2 + (-15 - -1) - -10.
-2
-2 - (-3 + -12) - 8
5
12 + (-9 - -3 - 2)
4
Evaluate 2 - -4 - (0 + -2 + 8).
0
What is the value of (-3 - 20 - -8 - -2) + 2?
-11
0 - 6 - (-24 - -19)
-1
What is -1 + 5 + (-6 - (0 + -1))?
-1
Evaluate 0 - (-4 - 1 - -5).
0
What is the value of (-1 - 4 - -7) + -2?
0
Evaluate 0 - -3 - 2 - 4.
-3
-1 + 7 - 2 - (5 - -3)
-4
Calculate 6 + -10 + -2 + 11.
5
What is (7 - 4) + (-1 - -1) + -4?
-1
Calculate -11 - (-4 + 9 + -9).
-7
(-9 - (11 + -2)) + 13
-5
Evaluate (-4 - 0) + -21 + 25 + 9.
9
Evaluate (4 - 5) + 3 - -3.
5
What is the value of 7 - (1 - -7) - (2 + 0)?
-3
Calculate 2 - (-1 + 0 + -4 + 5).
2
What is 14 + -7 + -3 - 7?
-3
What is (-1 - 4) + (7 - 9)?
-7
What is the value of 0 - (1 - (2 + 1 - 5))?
-3
Evaluate -4 - ((6 - 2) + -5) - -1.
-2
What is the value of 74 + -71 + (-7 - 0)?
-4
Calculate 0 + 0 - (6 + (-3 - 1)).
-2
Calculate -7 - -2 - (1 - (-1 + 3)).
-4
What is 10 + (-3 + -11 - -9)?
5
Calculate 1 + -17 + (9 - (11 + -10)).
-8
What is the value of 17 - 15 - (2 + -3)?
3
1 + (-3 - -1) + 2 + -4
-3
What is -4 + -1 + -7 + 20 + -5?
3
Calculate -10 - (-13 - -13 - 20).
10
Evaluate -5 + -1 + 0 - (187 - 193).
0
What is the value of 6 + (5 - 15 - -3) - 4?
-5
7 + -4 + 16 + -21
-2
Calculate -3 + (6 - 1 - (4 + 0)).
-2
What is the value of (-18 - (8 - 23)) + (1 - -1)?
-1
2 - (0 + (5 - 3))
0
What is the value of (-6 - (5 + -10)) + 10 - 3?
6
What is -6 + 7 + -6 + -4 + 1?
-8
7 + -8 - (0 + -1 - 4)
4
What is the value of -6 - ((-2 - (-3 + 9)) + -9)?
11
What is 3 - (9 + 0 - (-9 + 12))?
-3
What is the value of -4 - (-22 - -18 - (-1 + 2))?
1
Evaluate 6 - -1 - (-190 - -192).
5
7 - (5 - 1) - 6
-3
What is the value of -4 - (-6 - (-6 - 0))?
-4
Calculate 1 + -7 + (0 + 0 - -2).
-4
57 + -59 - (1 + -9)
6
What is (-2 - (-5 + 3)) + (-3 - 1)?
-4
What is 2 + (0 - 1) + (0 - -2)?
3
What is 4 - ((-1 - 2) + 4) - 7?
-4
Evaluate -147 + 146 - (-1 - -8).
-8
What is the value of -12 - (-2 + -12) - 5?
-3
Evaluate 1 + 4 + 4 - 3.
6
What is (-59 - -68) + (-1 - 16)?
-8
Evaluate 1 + -2 - (1 + -2).
0
Evaluate 78 - 78 - (0 + 6).
-6
What is the value of 3 + -1 + 0 + -8 + 1?
-5
Evaluate -5 + 2 - ((1 - -8) + -7).
-5
2 + (-1 - -9) + -5
5
(-6 - -2 - -5) + -1
0
What is 4 + -3 - 2 - (3 - 8)?
4
Evaluate -14 - -10 - (-1 - -1).
-4
What is 0 + -3 + 5 - 4 - -4?
2
What is -5 - (0 - 5) - (-3 + 2)?
1
Calculate ((-8 - -1) + 5 - 2) + 1.
-3
What is the value of -3 + 1 - 1 - (-10 + 8)?
-1
Calculate 19 + 9 + (-9 - 11).
8
What is the value of -4 - (3 + -3) - -1?
-3
(-5 - -3) + (-5 - -1) - -1
-5
Evaluate 7 + -1 + -3 + (0 - 1).
2
What is 0 + -2 - (0 + -2)?
0
Calculate (-3 - 2 - (0 - 4)) + 4.
3
What is (-